of g?
6
Suppose -4*l = 3*r - 15 - 21, -60 = -4*l + 3*r. Suppose -l*v + 11*v = -113. What is the hundreds digit of v?
1
Suppose 5*h - 2*f = 21, -3 = 5*h + 4*f - 36. Let k be h + -5 - 37*-1. Let q = -22 + k. What is the units digit of q?
5
Let y = 1055 - 164. What is the tens digit of y?
9
Let v = -184 + 288. Suppose -3*q + v = -q. What is the tens digit of q?
5
What is the units digit of 20/((28/(-287))/((-2)/1))?
0
Suppose 5*w - 15 = 0, 0 = 2*i + w + 2*w - 11059. What is the thousands digit of i?
5
What is the hundreds digit of ((-115)/(-345))/(2/12594)?
0
Let a(k) = -k**2 + 1. Let r(p) = -4*p**2 - 4*p - 2. Let l(h) = 3*a(h) - r(h). Let i be 2/(1*(-3)/6). What is the units digit of l(i)?
5
Suppose -870*a + 879*a = 29745. What is the tens digit of a?
0
Let v = -20 + -1. Suppose 0 = -3*u + 67 + 41. Let d = v + u. What is the tens digit of d?
1
Suppose -562 - 634 = -4*b. What is the tens digit of b?
9
Let a(k) = -5*k - 2*k - 1 - 4*k**2 + 3*k**2 + k**3. Let f be a(3). What is the units digit of (f/(-6))/(7/105)?
0
Let u be (-14)/(-49) + 225/21. Suppose -u - 49 = -5*k. What is the tens digit of (k/5)/((-1)/(-5))?
1
Let n(o) = -36*o**3 - o**2 + 13*o + 56. What is the hundreds digit of n(-4)?
2
Let u(b) = -4 + 47*b**2 + 10*b - 85*b**2 + 37*b**2. Suppose -5*w + 2*o + 16 + 25 = 0, -4*w + 40 = 2*o. What is the units digit of u(w)?
5
Suppose 2*a - 256*t = -257*t + 2635, 4*a = -4*t + 5268. What is the tens digit of a?
1
Let w(u) = -6*u**3 - 3*u**2 - u. Suppose -23 - 12 = -5*y. Let f(x) = x - 9. Let l be f(y). What is the tens digit of w(l)?
3
Suppose 0 = -5*p + 6*p. Suppose 0 = -p*m + 4*m - 5*x - 468, -m = x - 108. Suppose 4*y - m = 20. What is the tens digit of y?
3
What is the units digit of 14193/76 + 1/4?
7
Let q(j) = 249*j**3 + j. Let a(f) = -f**2 + 6*f + 8. Let c be a(7). Let t be q(c). What is the units digit of t/8 + (-2)/8?
1
Suppose -2116 - 1088 = 4*t. Let o = -540 - t. What is the units digit of o?
1
Suppose -10 = 2*d - 16. Suppose -d*v + 794 = 101. What is the tens digit of v?
3
Let o(m) = 3 + 5*m + 5*m**3 + 11*m**3 + 6*m**2 - 7 - 9*m**2. What is the units digit of o(2)?
2
Let b = 1948 - -382. What is the tens digit of b?
3
Suppose -16*u = -13*u - 15. Suppose -17 = -u*g - q + 3*q, -5*g - 2*q = -13. Suppose 73 + 41 = g*k. What is the units digit of k?
8
Let p = 13 - 21. Let a(s) be the third derivative of s**5/60 + 5*s**4/24 - 7*s**3/6 - 11*s**2. What is the tens digit of a(p)?
1
Let g(v) = 3*v**2 - 4*v**2 - 2 + 26 + 2*v**2. Let q(p) = p**3 - 2*p**2 - 3*p. Let s be q(3). What is the tens digit of g(s)?
2
Let u(n) be the second derivative of 2*n**3/3 - 9*n**2 - 20*n. What is the units digit of u(5)?
2
Let g = 433 - -2074. What is the thousands digit of g?
2
Suppose 2*m = -5*n - 9, -4*n + 2*n = 10. Let o be 1/((-4)/m) + 63. Let h = o + -8. What is the tens digit of h?
5
Suppose 9 = -3*p, -3*z + 6 - 3 = 5*p. Suppose z = 3*y - 6. Suppose 0 = -3*s + y*k + 49, 2*k + 105 = 5*s + 7*k. What is the tens digit of s?
1
Let b = -37 + 2. Let j be 6 + 126*1*(-16)/32. Let m = b - j. What is the tens digit of m?
2
Suppose 100 = 2*k + 3*d, -3*k - 5*d + 94 = -58. Suppose 39*r - k*r = -315. What is the tens digit of r?
6
Suppose -2*a + 6*a - 740 = -3*n, 1004 = 4*n + a. What is the units digit of n?
2
Let y = -13 - -12. Let w = 66 - 116. What is the units digit of y - (-3)/((-15)/w)?
9
Let b(i) = -2*i**2 - 23*i + 40. Let w be b(-13). What is the tens digit of w/(-2) + (-610)/(-4)?
5
Suppose 2*a + 7 = 79. Suppose 0 = p + p - a. What is the tens digit of p?
1
Let r = -652 - -728. What is the tens digit of r?
7
Suppose -c + 265 = -70. What is the hundreds digit of c?
3
Suppose -88*m = -119*m + 14353. What is the units digit of m?
3
Suppose -6*i + i - 27 = -u, -u = -3*i - 17. Suppose 7*b - 8*b - u*q + 22 = 0, q = 4*b - 88. What is the units digit of b?
2
Let y = -71 + 24. Let z = -33 - y. What is the units digit of z?
4
Suppose -5*u = -209 + 54. Suppose -u = 2*b - 97. Suppose 0 = -3*t + 2*t + b. What is the units digit of t?
3
Let l = -619 + 1113. What is the tens digit of l?
9
Let o(y) = 3*y + 26. Let b be o(-8). Suppose b*c + 3 = -5. What is the tens digit of ((-636)/(-24))/((-2)/c)?
5
Suppose 5*b - 1280 = 3820. What is the thousands digit of b?
1
Let t(o) = o**3 - 82*o**2 + 150*o - 350. What is the hundreds digit of t(81)?
2
Suppose 3*v - 5*j - 3 = -j, -2*v + 2*j + 4 = 0. Suppose -v*z = 906 - 2331. What is the tens digit of z?
8
Suppose -224*b + 228*b - 1832 = 0. What is the tens digit of b?
5
Let v(o) = -o**3 + 12*o**2 + 38*o - 20. What is the units digit of v(12)?
6
Suppose 2*s = s + 12. Suppose r = -2*r + s. Suppose -3 = -r*k + k. What is the units digit of k?
1
Let r(s) = -s + 18. Let a be ((-18)/(-1))/(-1 + 0). Let o be r(a). Suppose -3*v = -0*v - o. What is the units digit of v?
2
Let w = 2 - -1. Suppose 2*c + 4*r - 96 = 0, -w*c = -r - 0*r - 137. What is the tens digit of c?
4
Let l = 50 - 116. What is the hundreds digit of ((-110)/(-15))/((-4)/l)?
1
Suppose -152*v + 157*v - 4375 = 0. What is the units digit of v?
5
Let s be (-74)/(-8) - (-18)/24. Let b = s + -12. What is the tens digit of (b + -1)*-19 - 4?
5
What is the tens digit of 194 + 7/(14/(-8))?
9
What is the units digit of (192/(-18))/((-6)/180)?
0
Suppose 4*g = y + 1823, -17*y + 15*y = -2. What is the hundreds digit of g?
4
Let m = 1476 + 2143. What is the units digit of m?
9
Let c be 10/(1 + 4 + -3). Suppose c*d + 33 = -32. Let h = 17 + d. What is the units digit of h?
4
Let j(f) = -12*f - 1. Let p be j(-1). Let u = p + -22. Let y = 29 + u. What is the units digit of y?
8
What is the thousands digit of (1138*16/(-28))/(86/(-301))?
2
Suppose 0 = -2*o + 5 + 63. Suppose 33 = f - u, f + 4*u - 42 = -f. Let i = o - f. What is the units digit of i?
5
Suppose s = h + 88, -5*s - 13*h = -10*h - 432. What is the tens digit of s?
8
Suppose -6 = 3*b - 57. Suppose 0 = -4*d - b - 71. Let a = d + 45. What is the tens digit of a?
2
Suppose -c - 3*c = -16. Suppose 2*j - 2*y = -j + 21, c*y = -3*j + 3. Suppose -4*b = -4*h + 140, j*h + 0*b - 139 = -4*b. What is the tens digit of h?
3
Suppose -70 = 26*q - 21*q. What is the tens digit of (4/(-6))/(q/567)?
2
Suppose 0 = 5*p - 2*q - 24058, 5*p + 9640 = 7*p - 5*q. What is the units digit of p?
0
Let g be (1 - 5) + (3 - -5). Suppose g*c - 23 = -15. Suppose -38 = -4*w + c*w + 4*m, -2*m - 64 = -4*w. What is the units digit of w?
5
Let y = 680 + -442. What is the tens digit of 3 + 0 + y + -2 + 1?
4
What is the hundreds digit of (-18406)/(-10) + (-36)/60?
8
Suppose n + 2*d - 4*d = -11, -n - 4*d = -13. Let a(g) = -2*g**3 + 4*g**2 - 3*g - 6. What is the tens digit of a(n)?
9
Suppose -137 = 5*o + 153. Let p = -117 - o. Let a = p - -84. What is the tens digit of a?
2
Let m(i) = i**2 + i - 12. Let f be m(-5). Let r(d) = -3 - 2 + 4*d - 4. What is the tens digit of r(f)?
2
Let g be (10/(-15))/((-8)/(-108)). What is the units digit of -2*3/(g + 3)?
1
Let k = 212 - -1100. What is the units digit of k?
2
Suppose -852 + 152 = 4*s. Let q = s + 366. What is the tens digit of q?
9
Suppose -17*p = -72761 - 21691. What is the units digit of p?
6
Let t(z) = -z - 17. What is the tens digit of t(-48)?
3
Let q = 14 + -34. Let t = 23 + q. Suppose -3*m - y = -0*y - 113, -4*m + 129 = -t*y. What is the tens digit of m?
3
What is the thousands digit of 92124/22 + (-42)/(-77)?
4
Suppose -f - 40 = 80. Let t = 181 + f. What is the tens digit of t?
6
Let r(v) = -v - 10. Let x be r(-14). Suppose -6*m = -x*m. Suppose 3*p + 11 = -1, m = -2*f + p + 124. What is the units digit of f?
0
Let x = -52 - -55. Suppose 5*f - x*s = 407, 0*f + 5*s + 257 = 3*f. What is the units digit of f?
9
Let b = -80 + 1678. What is the thousands digit of b?
1
Let r be 41/(-3) - 1/3. Suppose -4*o + 335 = o. Let s = r + o. What is the units digit of s?
3
Suppose -412*i = -398*i - 34594. What is the tens digit of i?
7
Let j = 2825 + -1664. What is the hundreds digit of j?
1
Suppose 4*t = 0, 20 = 4*i - 2*t + 4*t. Suppose -2*c - 9 = -i*c. Suppose 2*m + c*f = -f + 40, 3*f = 12. What is the units digit of m?
2
Let n(r) = 12*r**3 + r**2 + 2*r - 12. Let l be n(-4). What is the hundreds digit of (7 - 68/8)*l/6?
1
Suppose -2*t = 3*r - 5327, 4*r - 1 + 5 = 0. What is the hundreds digit of t?
6
Suppose -26 = 4*z - 230. Let w = -2 + z. Suppose 